-3*v + 12, z*v = -3*y + 12. Suppose t - 5 = -v*t. What is the units digit of t?
5
What is the units digit of 24 - (-5)/((-20)/4)?
3
Let a = -4 - -12. What is the units digit of a?
8
Suppose -4*r + r + 84 = 0. What is the tens digit of r?
2
Let l(x) = 2*x**2 + 5*x - 27. What is the tens digit of l(-7)?
3
Let j be ((-33)/(-44))/(2/32). What is the units digit of 368/j*(-3)/(-2)?
6
Suppose 2*z = 35 - 11. Suppose 17*u - z*u - 45 = 0. What is the units digit of u?
9
Suppose h + 12 = -2*h. Let u be 6/h*30/(-9). Suppose w + 0*w - u*d - 26 = 0, -2*w - 4*d - 18 = 0. What is the units digit of w?
1
Let x(a) = -a**3 + 21*a**2 + 28*a - 25. What is the units digit of x(22)?
7
Let r be (-6)/9*(-6)/1. Let p = r - 2. Suppose 18 = 5*c - 3*b, 0 = 2*c - 4*c - 4*b + p. What is the units digit of c?
3
Let i(r) = -r**2 + 3*r + 2. Let n be i(3). Suppose 2*c - n*a = 14 - 0, 4*c = a + 22. What is the units digit of c?
5
Suppose -6*m + 115 = -m. What is the units digit of m?
3
Let o = 0 - -3. Suppose 2*m = o*z + 12, -3*m + 16 = -5*z - 3. What is the units digit of 7 + m - (-1)/(-1)?
9
Suppose 0 = 3*z + 5*o - 14, 22 = -0*z - z + 5*o. Let p = 1 - z. What is the units digit of p?
3
Suppose 6*w - 189 = 2*w + x, w - 33 = 5*x. What is the tens digit of w?
4
Let n(v) = 3*v**2 - 42*v - 36. What is the units digit of n(15)?
9
Let g = 53 - -7. What is the tens digit of g?
6
Suppose -5 = 3*y + 2*y. Let c be (y/2)/(2/(-36)). Let n = -7 + c. What is the units digit of n?
2
Suppose 3*y - f = -2*y - 43, 0 = 3*y - 5*f + 17. Let o = 24 + y. What is the units digit of (-4)/6 - (-235)/o?
5
Suppose n + 0 + 4 = 0. Let o = 6 + n. Suppose -o = -2*k - 2*b, -4*k - b - 6 + 25 = 0. What is the units digit of k?
6
What is the tens digit of (0 - -2)*1 - 348/(-12)?
3
Let r(j) be the first derivative of j**2 - 5/3*j**3 + 1/4*j**4 - 3*j + 1. What is the units digit of r(5)?
7
Let d be -15 + 6 + -3 + 0. Let y = d - -19. What is the units digit of y?
7
What is the units digit of ((-4)/7)/((-3)/21)?
4
Suppose t + 3*t = 3*g + 5, -3*t - 5*g = -11. Let f = t + 0. What is the units digit of (6/(-10))/(f/(-30))?
9
Suppose -x = 2*x - 5*n + 43, -5*n = -x - 11. Let r be 5/(-2)*x/20. Let h(v) = 4*v - 3. What is the units digit of h(r)?
5
Suppose -2*w = -4*w - 32. Let v = 8 + w. Let s = v + 15. What is the units digit of s?
7
Suppose 0 = -2*t + 34 - 106. Let k be (t/10)/((-1)/5). Suppose -c - 2 + k = 0. What is the units digit of c?
6
Suppose 0*o - o + 9 = 0. Suppose -2*m - o = -35. What is the tens digit of m?
1
Let x(r) = -r**2 + 5*r - 4. Let q be x(4). What is the units digit of (1 + q)*13 + 0?
3
Suppose 0*s - 4*s = 208. Let c = s + 102. What is the units digit of c?
0
Let d(h) = -6*h**2 + 8*h + 1. Let v(m) = m**2 - m + 1. Let t(b) = -d(b) - 5*v(b). What is the units digit of t(9)?
8
Let y = 4 + -12. Let n = 16 + y. What is the units digit of n?
8
Let q = 282 + -137. What is the hundreds digit of q?
1
Suppose 4*b - 122 = 2*l, -123 = -4*b + 5*l - 2*l. What is the units digit of b?
0
Let l(x) = 2*x**3 - 5*x**2 + 3. Let m be l(4). Suppose m = 2*g + 15. What is the tens digit of g?
1
Let f(z) = -z**2 + 4. Suppose 4*g - 16 = -0*g. Let q be f(g). What is the units digit of 2*3/q*-26?
3
Let p(h) = 2*h**2 + h. Let r(t) = t + 1. Let d be r(-3). Let i be p(d). Let k = i - -8. What is the units digit of k?
4
Suppose 2*v - 20 = -3*v. Suppose -v*n = -n - 9. What is the units digit of n?
3
Suppose -4*w + 2*q = -28, -3*q - 17 = -3*w - 2. Let v(g) = -g**2 + 11*g - 13. What is the units digit of v(w)?
5
Suppose -h = 3*c + 2*c - 19, -2*h - 10 = -2*c. Suppose -22 = -c*f + 2. What is the units digit of f?
6
Suppose 4*w = -w + 20. Suppose -2*m - b + 5 = 0, -3*b = 2*m + 2*m - 5. Suppose m*v + w - 39 = 0. What is the units digit of v?
7
Let t = 691 + -303. What is the tens digit of t?
8
Let s(p) = p**2 - 19*p - 24. What is the units digit of s(22)?
2
What is the tens digit of (21 - -2)/(0 - -1)?
2
Suppose -7*p + 6 = -4*p. Suppose -2*d + 6*d - 5*c - 75 = 0, -5*d - 4*c = -104. Suppose p*m + d = 6*m. What is the units digit of m?
5
Let m be -2*(-7 - -3)*1. Suppose -4*x + 92 = m. What is the units digit of x?
1
Let k(w) = 6*w**2 - 3*w**3 - 3*w**3 + 5*w**3. Let f be k(5). Suppose -u + t + 15 = 4*u, -5*t = f. What is the units digit of u?
2
Let v(r) = -5*r. Let s be v(-1). Suppose -5*m = -3*m - 4*f - 28, 3*m - 53 = -s*f. Suppose -4*w = 4*a + m, a + 6 + 8 = -3*w. What is the units digit of a?
1
What is the units digit of 1*-5*(-1 - 6)?
5
Let w = -3 + 10. What is the units digit of w?
7
Suppose k - 72 + 15 = 0. What is the units digit of k?
7
Let o(j) = 18*j**3 - j**2 + 2*j - 1. What is the tens digit of o(1)?
1
Let i = 2 - 0. Suppose i*o - 18 = 6. What is the units digit of o?
2
Let l(s) = s - 9. Let q be l(8). Let p be (5/(-10))/(q/2). Let z = 9 + p. What is the units digit of z?
0
Suppose -14*n = -9*n - 440. What is the units digit of n?
8
Suppose -j - 6 = -0*j. Let g(h) = -4*h - 1. Let x(d) = -3*d. Let c(m) = 4*g(m) - 5*x(m). What is the units digit of c(j)?
2
Let f(x) = 2*x**2 + 3*x - 2. Suppose -2*v - 2*u = -0*u - 2, -u = -2*v - 13. What is the units digit of f(v)?
8
What is the hundreds digit of 140/(-4 + 2 - -3)?
1
Let z be ((-1)/2)/(9/(-18)). What is the tens digit of 4/(-4)*z*-29?
2
Let m(y) = -3 + 3 - 2*y. Suppose -4*l - 11 - 17 = 0. What is the units digit of m(l)?
4
What is the units digit of -3*((-64)/12 - -2)?
0
Suppose 5 = 5*h - v, 0*v + 21 = 3*h + 3*v. Suppose 3*i + 4 = -h*o + 3, 0 = -i - 1. What is the units digit of o?
1
Suppose -12 = 4*j + 4. Let d = 8 + j. Suppose -4*n + 2*c + 31 = -3*c, -2*c + 10 = d*n. What is the units digit of n?
4
Suppose 4*m - 3*h = 14, 5*h + 5 = m - 7. Suppose t = m*i + 13, t - i = 4*i + 4. What is the tens digit of t?
1
Let z(p) = p**3 - 8*p**2 + 7*p + 5. Let i(m) = m**2 - 4*m. Let k be i(7). Suppose -f - 2*f + k = 0. What is the units digit of z(f)?
5
Let u(f) be the first derivative of -f**6/360 + 7*f**5/120 + f**4/4 - f**3/3 + 1. Let b(p) be the third derivative of u(p). What is the tens digit of b(6)?
1
Suppose -3*y + 2*y = -2. Suppose y*u - 7 = -1. Suppose 40 = u*d + 2*h, 2*d - h + 5 = 4*h. What is the tens digit of d?
1
Let n(x) = x + 3. Let o be n(-3). Suppose 3*s - 1 - 5 = o. Suppose -s*h = 8, -2*h - 19 = -5*t - h. What is the units digit of t?
3
Suppose -2*x + 48 = 4*c, 0 = 4*x - 6 - 2. Let h(g) = g**3 - 6*g**2 + 7*g - 3. Let t be h(5). Let q = c - t. What is the units digit of q?
4
Suppose 0 = -c - c. Suppose c*x = -4*x + 4. What is the units digit of x?
1
Let u(j) = -2*j - 2. Let x be u(-4). What is the units digit of (21/x)/(3/18)?
1
Suppose -5*v - 20 = 5*a, -2*a = -7*a + 2*v + 8. Suppose a = -5*i + 136 + 44. What is the tens digit of i?
3
Suppose 0 = -2*q - 3*q. Let i(s) = s**3 - 2*s**2 - 4. Let v(z) = 5*z**3 - 11*z**2 - 21. Let m(j) = -11*i(j) + 2*v(j). What is the units digit of m(q)?
2
Suppose 0 = -5*u - 0*u - 100. What is the units digit of 3/5 + (-28)/u?
2
Suppose -3*h + 27 = 3*k, 4*h = 5*k - 6 - 3. Let b = k - -2. Let r = b - -2. What is the units digit of r?
9
Let w = -109 + 153. What is the units digit of w?
4
Let s = -12 - -20. What is the tens digit of 2*s*(-25)/(-10)?
4
Suppose 5*q = -3*b + 1, -5 = 4*b + 7. Let m(l) = 2*l - 2. What is the units digit of m(q)?
2
Let b be 9/(0 - 6/20). Let h = b + 18. What is the units digit of 8/h*(-9)/2?
3
Let v(d) be the third derivative of 1/60*d**5 + 0 + 0*d + 1/3*d**3 - 1/4*d**4 + d**2. What is the units digit of v(7)?
9
Suppose 5*w = -4*n + 329, -w + 5*w + 284 = 4*n. What is the tens digit of n?
7
Suppose -87 = -3*v + 177. What is the units digit of v?
8
Let l(y) = -7*y + 1. Let p be l(-7). Let x = -32 + p. Suppose z + x = 4*z. What is the units digit of z?
6
Suppose 0*t - 10 = 2*t. Let q = t + 6. What is the units digit of q?
1
Let c = 29 + -14. Let s = c + -7. What is the units digit of s?
8
Suppose -5*b = -2*v + 4*v - 159, 5*v = 5*b + 415. What is the units digit of v?
2
Suppose 4*v + 8 = 2*v. What is the units digit of 10/v*6/(-15)?
1
Suppose -w - 4*z = -124, w - 4*z - 21 = 111. What is the hundreds digit of w?
1
Let j(u) = -u**3 + 4*u**2 + 6*u - 5. Let v be j(5). Suppose v*z = 3*z + 54. Let f = 5 - z. What is the units digit of f?
3
Let l(u) = u**2 + 2*u - 4. Let n be l(-4). Suppose n*z - 195 = -z. What is the units digit o